 a(q) = -q. Let o(l) = l**3 - 6*l**2 - 6*l - 5. Let n = -12 + 19. Let v be o(n). Determine a(v).
-2
Let a(s) = -2*s**2 - 5*s - 14. Let n(z) = 3. Let t(o) = -a(o) - 6*n(o). Let v be 18/4*12/(-9). Let l = v + 2. Give t(l).
8
Let x(l) = -l**3 - 2*l**2 - 3*l. Let d be x(-2). Suppose 5*b = 3*k + 1, b + 3*b = 5*k - 7. Let c(q) = q - q + q**3 + d*q**2 - 5 + b*q. What is c(-5)?
10
Let t(b) = 10*b**2 + 20*b + 10. Let w(o) = -3*o**2 - 6*o - 3. Let y(i) = -4*t(i) - 13*w(i). Calculate y(-2).
-1
Let q(j) = 4*j + 5. Let u be q(-4). Suppose 3*w + 12*w + 90 = 0. Let s = w - u. Let l(n) = -n + 7. Calculate l(s).
2
Let a(u) = 221*u**2 + 0*u - 6 - 3*u - 220*u**2 - 4*u. Calculate a(8).
2
Suppose -12 = -5*x + 43. Let w(s) = 5*s**2 + 2*s**2 - 5 - s**3 + x. Suppose 6 + 1 = f. Determine w(f).
6
Let p(g) = g**3 - 5*g**2 - 4*g + 3. Let s(w) = -w**2 + 1. Let a(h) = -p(h) + 4*s(h). Let i = -4 + 7. Suppose 8*f - i*f - 15 = 0. What is a(f)?
-5
Let x(g) = -g**3 + 2*g**2 - 2. Let c(a) = -a**3 - 8*a**2 + 10*a + 10. Let y be c(-9). Let v be (20/(-16))/(y/16). Let k = -18 - v. What is x(k)?
-2
Let p(n) = -n**3 - 7*n**2 + 61*n + 8. Let f be p(-12). Let d(i) = 7*i + 19. Calculate d(f).
-9
Let z(v) = v**3 + 5*v**2 + 7. Let p be (-14)/(-1) - (-4)/4. Suppose 5 - p = 2*u. Calculate z(u).
7
Let t(l) be the second derivative of -8/3*l**3 - 1/2*l**2 + 10*l + 0. Give t(1).
-17
Let p(j) = -59*j**2 + 3*j - 51 + 55 + 60*j**2. Calculate p(-8).
44
Suppose 15*o - 110 = 5*o. Let q(z) = -3*z + 23. Give q(o).
-10
Let d(r) be the third derivative of -r**5/60 + 7*r**4/12 - r**3/6 + 359*r**2. Calculate d(13).
12
Let i(d) be the third derivative of -d**6/120 + d**5/60 - d**4/24 + 2*d**3/3 + d**2 + 30. Give i(0).
4
Let x be (-33)/(-99) + (-5)/(-3). Suppose 2*y + 2 = x*c, -5*y - 22 = 2*c - 3. Let j(m) = 2*m + 4. What is j(y)?
-2
Let w(b) = -5 - 9 + 27 + 4 + b**3 + 16*b**2 + 16*b. Suppose -2*y - 8 - 22 = 0. Let i be w(y). Let f(v) = -v**3 + 2*v**2 - 3*v + 3. What is f(i)?
-3
Let g(v) = -v**3 + 8*v - 3. Let y be g(-3). Let q(t) = t**2 + t + 54. Give q(y).
54
Suppose 4*a + 3*u - 4*u - 28 = 0, -2*a + 16 = -u. Let j(c) = -c**3 + 7*c**2 - 4*c - 3. Determine j(a).
9
Let r be ((-3)/(-1))/((-39)/26). Let j(w) = 6*w. Calculate j(r).
-12
Let t(j) = 2*j**3 + j**2 - 3*j - 1. Let r = -2 - -23. Let k = r + -23. Calculate t(k).
-7
Let c(y) = 4*y + 7. Let s be 0 - 2 - 3 - (67 - 69). What is c(s)?
-5
Let q(m) = m + 12*m**2 + 5*m + 2 - 2 - 11*m**2 - 2. Calculate q(-5).
-7
Let n(t) = -233*t - 3*t**2 - 2 + t**3 + 6*t**2 + 231*t. Let p(f) = -3*f**3 - 5*f**2 + 5*f + 4. Let s(v) = -5*n(v) - 2*p(v). What is s(4)?
-14
Let f(p) be the third derivative of 0 - 3/2*p**3 + 0*p + 1/3*p**4 - 1/60*p**5 + 4*p**2. Let b be 72/(-16)*(-1 + 1/(-3)). Determine f(b).
3
Let c(w) = -w**2 + 5*w + 1. Let j(i) = 11*i**2 + 20*i + 3. Let b(r) = -4*c(r) + j(r). Suppose 3*z = 6 - 3, 0 = -2*m - 4*z + 2. Determine b(m).
14
Suppose 96*s = 91*s. Let x(o) be the second derivative of o**4/24 + 4*o**3/3 - o**2 - o. Let n(d) be the first derivative of x(d). What is n(s)?
8
Suppose 0 = 3*z - 3*k - 18, 4*z + 2*k = -0*z. Let a(o) = 2 + 6*o + 2 - 2*o + 0*o**z - o**2. Suppose t - 6 = -0. What is a(t)?
-8
Let d(h) = -h**2 + 10*h + 1. Let m(u) = -2*u**2 + 11*u + 3. Let g(r) = 3*d(r) - 2*m(r). Give g(-7).
-10
Let l(a) = -243*a**3 + 0*a**2 + 3*a + a**2 + 244*a**3 - 3*a**2 + 3 + 1. Give l(3).
22
Let v(l) be the second derivative of l**4/12 - l**3/2 + 3*l**2/2 - l. Let r be (3 - 0)*10/6. Suppose r*m - 15 = -5. What is v(m)?
1
Suppose -4*h = -o + 28 - 84, 0 = -3*h - 2*o + 42. Let b(n) = 2*n - 3. What is b(h)?
25
Let i(j) = 0*j + 3 - 1 - j + 2*j. Let s(a) = a**2 - a - 2. Let t be s(0). Determine i(t).
0
Let v(h) = h**3 - h + 2. Let n be 3/(-2)*(9 + 3). Suppose 0 = -8*b - 240 + 80. Let s = b - n. What is v(s)?
-4
Let l(f) = 0*f**3 + 13*f - f - 13*f**2 + f**3 - 3. Let x be l(12). Let y(k) = -2*k - 2. Determine y(x).
4
Let i(o) = 7*o + 5*o + 15*o - 30*o - 26 + 15. Give i(-2).
-5
Let n(c) = 7*c**2 + 11*c. Let f(w) = -6*w**2 - 10*w. Let i be (-280)/48 - 1/6. Let d(k) = i*f(k) - 5*n(k). Give d(-6).
6
Let m = -79 - -83. Let o(t) = -t**2 + 8*t + 1. Let r(p) = p**2 - 7*p - 2. Let j(n) = m*r(n) + 3*o(n). Suppose -3*g + 11 = -4. Determine j(g).
0
Let g(a) = -2*a + 13. Suppose 0 = 2*n - 2*m - 9 + 25, -4*m - 8 = 4*n. Determine g(n).
23
Let m(i) = -3*i + 25. Suppose 8*o = 96 - 8. Determine m(o).
-8
Let a(h) = -7 + 2 - h + 1. What is a(4)?
-8
Let h(x) = -3*x**2 - 7*x - 12. Let l(m) = -1 - 46 - 21*m + 10 - 10*m**2. Let s(r) = 7*h(r) - 2*l(r). Calculate s(-7).
-10
Let o(p) = 10*p + 2. Suppose 3*h - k + 3 = -0*h, -k - 7 = 2*h. Give o(h).
-18
Let h(i) be the third derivative of -i**5/60 - i**4/24 + i**3/6 + 2*i**2. Suppose 0 = -2*x + 112 - 104. Calculate h(x).
-19
Let q(a) = -3 - 7*a**2 + 8*a**2 + 10*a + 7*a**2 + 9 + 9*a - a**3. Calculate q(10).
-4
Let b = -348 + 617. Let m(v) = -b*v**2 - 1 - 3*v + 4 + 272*v**2. Give m(2).
9
Let z(o) be the second derivative of o**4/12 - 5*o**3/3 + 3*o - 2. What is z(7)?
-21
Let s be 0 - (8/(-4))/1. Suppose -3*v = -5*a, v - 2*a = -a + s. Let b = 9 - v. Let w(q) = q**3 - 6*q**2 + 5*q - 6. Determine w(b).
-18
Suppose -5*n - 5*c - 25 = 0, 11 = -2*n - 5*c - 2. Let f be n*((-25)/(-4))/(-5). Let s(t) = 2*t - 2. Give s(f).
8
Let c(k) = k**2 + 6*k + 1. Let z be (-45 - -23)*(-2)/(-4). Let w be ((-11)/2)/z*-12. Give c(w).
1
Let z be 0 - (3 + 9/(-3)). Suppose z = -2*r + r - 6. Let a(c) = c**3 + 7*c**2 + 5*c - 3. Calculate a(r).
3
Let x(o) be the second derivative of -o**7/2520 - o**6/240 - o**5/40 - o**4/2 - 3*o. Let u(t) be the third derivative of x(t). Calculate u(-2).
-1
Let f(h) = -20*h - 55. Let m be f(-3). Let q(v) = 0*v**2 - 5*v**2 - 10*v + 7 - 4. Let o(d) = d**2 + d. Let r(n) = -6*o(n) - q(n). What is r(m)?
-8
Let z(n) = -9*n - 2*n**2 - 1 + n + 4*n + n**3 + 6*n. Determine z(2).
3
Let h be (2 - 3)/(2*(-1)/2). Let z(m) = 18*m**2 + 2*m - 1 + m - m. Determine z(h).
19
Suppose -1 = 2*w + 9. Let p(a) be the second derivative of -35*a + 2*a**2 + 0 + 1/3*a**3. What is p(w)?
-6
Let k(p) = p**2 - 8*p + 17. Let r be k(5). Let u(v) = 0 + 4*v - 8 + 0 - v**3 + r*v**2 - 8*v**2. What is u(-7)?
13
Let h(w) = 3*w - 30. Let m be -30 + 46 + 7/(-1). Determine h(m).
-3
Suppose 4*g + 33 = 7*o - 2*o, -2*g - 15 = -o. Let s(u) = u**2 + 6*u - 11. Let f be s(g). Let l(h) = h**3 + 4*h**2 + 2*h - 3. Give l(f).
-11
Let s(f) = -2*f - 8. Suppose 4*v + 14*o = 9*o - 18, 0 = 3*v - 3*o. Calculate s(v).
-4
Let w(m) be the first derivative of 2*m**3/3 - 3*m**2 - 7*m + 20. What is w(5)?
13
Let x(d) = 2*d + 31. Let n(f) = -f - 13. Let m(g) = -7*n(g) - 3*x(g). Suppose -5*v - 5*k = 25, 4*k + 6 = -2*v - 2. Determine m(v).
-8
Let w(h) = 7*h + 5. Suppose 4*g = 3*j - 22, j - 10 = 3*g - g. Determine w(g).
-23
Let x(n) = -6*n**2 - 2. Let a(s) = -4*s**2 - 1. Let o(t) = 3*t + 7. Let m be o(-5). Let q(v) = m*a(v) + 5*x(v). Let w = 19 - 21. Calculate q(w).
6
Let y(q) be the first derivative of -q**7/840 - q**5/120 - q**4/24 + 5*q**3/3 + 9. Let d(n) be the third derivative of y(n). Let o = -5 - -3. What is d(o)?
9
Suppose 4*d = -0*d. Let r(o) = 2*o + d*o - 2 - o. Let x = 12018 + -12016. Determine r(x).
0
Let l(n) = -14*n - 8. Let t be l(-2). Let i(v) = -t*v + 32*v + 3*v**2 - 4 + v**3 - 15*v - 2. Let p = 0 - 4. What is i(p)?
-10
Suppose 5*l = 3*d + 1 + 16, 0 = l - 4*d. Let q(g) = 7*g + 6 + 5*g**2 - 1 - l*g**2. Let y be 2/5 + 22/(-5). Determine q(y).
-7
Let c(k) = -4*k + 24. Let t = 66 + -60. Let j be c(t). Let g(h) = h**3 + 8. What is g(j)?
8
Let q(h) = h**3 + h**2 - h + 2. Let a(l) = -2*l**3 - 5*l**2 - 3*l - 4. Let p(y) = a(y) + q(y). Give p(-1).
-1
Let c(n) be the second derivative of n**8/6720 + n**7/504 + n**6/720 - 5*n**4/12 - 9*n. Let i(s) be the third derivative of c(s). Give i(-5).
-5
Let z(d) be the second derivative of -d**4/12 - d**3/6 + 2*d. Let w be z(0). Let c(a) = -1. Let x(b) = -b**3 - b - 1. Let f(o) = -3*c(o) - x(o). Determine f(w).
4
Let j = 8 - 1. Let b = 8 - j. Let x(u) = -13*u + b + 0 + u**2 + 9*u. What is x(2)?
-3
Let i(z) = -8*z + 2. Suppose 27*u + 5 = 32. Determine i(u).
-6
Suppose 5*z + 35 = 2*b, z - 30*b + 15 = -28*b. Let g(q) = -q - q**3 + 5*q - 5*q**2 - 3*q - 6. Determine g(z).
-11
Let j(l) = -2*l - 7*l - 446 - 4*l**2 + 2*l**2 + 460. Calculate j(-6).
-4
Let f(d) = d - 5. Let u(k) 